(d). Calculate x(u).
-14
Let l(m) be the third derivative of -m**5/10 + m**3/3 - 10*m**2 - 1. Give l(-2).
-22
Let g(x) = 33*x + x**2 + 32*x + 6 - 70*x. Determine g(6).
12
Suppose -4*u - q = -20, -2*q = 3*u - q - 16. Let v(d) = 5*d + 4. Let a(l) = 3*l + 5. Let n(f) = -3*a(f) + 2*v(f). What is n(u)?
-3
Let a(t) = -2*t + 7. Suppose -16*h - 4*h + 100 = 0. Determine a(h).
-3
Let b(t) be the first derivative of -t**3/3 + 6*t**2 - 7*t + 121. Give b(12).
-7
Let h(x) = 4*x**2 - 21*x - 15. Let l(y) = 2*y**2 - 10*y - 7. Let w(o) = -6*h(o) + 13*l(o). Suppose -t + 4 = -0. Suppose -t*a - 2 = -14. Calculate w(a).
5
Let a(p) = p**3 + 11*p**2 - 29*p - 34. Let h be a(-13). Let c(g) = -g**2 + 4*g - 4. What is c(h)?
-9
Let a(k) = 8*k - 1. Suppose 323*m - 326*m = 6. Determine a(m).
-17
Let b(q) = -308*q + q**2 - 5*q**2 + 310*q - 2. Calculate b(1).
-4
Let x(t) be the second derivative of 0*t**3 + 1/12*t**4 + 0 - t**2 + 4*t. Let k = -2 + 0. Determine x(k).
2
Let o(t) be the third derivative of -t**6/120 + t**5/30 - t**3/6 + 12*t**2. Determine o(-1).
2
Let c(a) = a - 2. Let k(o) = -o**3 + 2*o**2 + 8*o - 12. Let y be k(3). Give c(y).
1
Let f be 1/2*(-8)/(-2). Let t be 1 - 0/(-4 + f). Let y(m) = -7*m**2 - m**2 - m + 9*m**2 + m - m. What is y(t)?
0
Let i(y) = -2*y**2 - 6*y - 9. Let h(l) = -2*l - 3. Let k be h(0). Let f(z) = -3*z**2 - 11*z - 17. Let w(j) = k*f(j) + 5*i(j). Determine w(5).
-4
Suppose 11 = -9*z - 7. Let f(q) = q. Calculate f(z).
-2
Let a(x) be the first derivative of -x**4/4 + 7*x**3/3 - 5*x**2/2 - 3*x - 620. Suppose 0 = -b - i + 9, 0*b + 2*b + 3*i = 21. Determine a(b).
3
Let d(l) be the second derivative of -10*l + 1/3*l**3 + 1/12*l**4 + 0 - 1/2*l**2. Determine d(2).
7
Let u be (-7)/(22 + -1)*12. Let n(w) = -w**2 - 2*w + 3. Calculate n(u).
-5
Let v be ((-12)/(-21))/((-2)/(-7)). Let a(m) = 9*m**2 + v + 12 - 2 + m**3 + 2*m. Determine a(-9).
-6
Suppose -2*h = -3 + 5, w = h + 1. Suppose 0 = r + 3*o + 3, -41 = -5*r - w*r - o. Let q(z) = -11*z + r*z + z + 1 - z**2. Give q(2).
-5
Let l(b) be the third derivative of -b**6/360 + b**5/30 + 7*b**4/24 + 7*b**3/3 - 5*b**2. Let f(k) be the first derivative of l(k). What is f(7)?
-14
Let w(f) = f**3 - f**2 + f - 13. Suppose 4*x - 8*x - 20 = 0. Let y = -1 - x. Suppose -4*u + y*i - 2 + 6 = 0, 0 = -3*u + 2*i + 2. Calculate w(u).
-13
Let b(w) = -w**2 + 7*w + 113. Let g be b(-8). Let z(s) = s**2 + 9*s + 3. What is z(g)?
-11
Let o(z) = -2*z + 72. Let j(n) = n - 40. Let r(f) = 7*j(f) + 4*o(f). Determine r(4).
4
Let z(r) = -4*r**2 - r + 2. Let v(s) = -s**2 + 75*s - 215. Let w be v(72). Give z(w).
-3
Let t(i) be the second derivative of i**4/12 + 8*i**3/3 - 2*i**2 + 4*i + 1. What is t(-16)?
-4
Let w = -1510 + 1492. Let a(f) = -2*f**3 - 34*f**2 + 34*f - 39. What is a(w)?
-3
Let v(k) = 5*k - 4*k - 6 + 2 + 2. Let o be v(5). Let m(n) = 72 - 72 + o*n. What is m(-1)?
-3
Let i = -159 - -176. Let q(b) = b - i*b + 3*b - 1. Determine q(-1).
12
Suppose -20*l - 80 = -25*l. Let z(f) = l*f + 5 - f - 3*f - 9*f. Calculate z(-4).
-7
Let q(j) be the third derivative of -j**6/120 + j**5/12 - j**4/12 + j**3/3 + 85*j**2 + 4. Let f be (2 + -4)/(2/(-4)). Give q(f).
10
Let n(k) = -2*k**2 + 5*k - 2. Let j be (72/(-21) - -3) + (-48)/(-14). Determine n(j).
-5
Let q(k) = k. Let h(y) = -3*y - 3. Let z(j) = h(j) + 5*q(j). Suppose 5*v - 4*i = -6 + 42, 20 = -5*i. Let g(c) = c**2 - 4*c + 2. Let u be g(v). Give z(u).
1
Suppose 0 = 5*b + 5, -2*n - 3*b = -5*b + 6. Let s(q) = -q**2 - 2*q + 2. Determine s(n).
-6
Let a(q) = q**3 - 2*q**3 + 43*q**2 - 47*q**2 - 4*q - 2. Give a(-4).
14
Let o(k) = -2*k + 2. Let z(g) = -13*g + 7. Let s(p) = -6*o(p) + z(p). Calculate s(-4).
-1
Let o(l) be the third derivative of l**4/24 - l**3/6 + l**2 + 551*l. Let i be (0 + -2)/((-2)/(-1)). Let k be (i - -2)/(1 + -2). Determine o(k).
-2
Let u(j) = 4*j + 3. Let q(g) = -5*g - 2. Let o(c) = 5*q(c) + 6*u(c). Let m(t) = -6 - t + 3 + 5. Let l be m(-4). Calculate o(l).
2
Suppose -d - 7*h = -11*h - 106, 3*d - 318 = -5*h. Let w = -101 + d. Let r(s) = -2*s - 1. Calculate r(w).
-11
Let c(o) = 2 + o - 2 + 5*o**2. Let v(u) = u**3 - 2*u**2 + 2*u - 2. Let i be v(1). Determine c(i).
4
Let c(j) = -j - 1 - 1 + 0*j. Suppose -13 + 58 = 3*q. Let u = q + -18. Give c(u).
1
Let g(t) be the first derivative of -t**2/2 + 16. Let y be g(4). Let q(h) = -h - 2. Calculate q(y).
2
Suppose -4*p = 0, -y + p = -2*y. Let x be y - -11 - 3/1. Let v = 14 - x. Let t(u) = -u**2 + 7*u - 6. Give t(v).
0
Suppose 6*b + s = 3*b - 1, -4*b = -s - 8. Let x(l) = l + 2. Let j(v) = 2*v + 3. Let i be 11/(-3) + 5/(-15). Let r(m) = i*x(m) + 3*j(m). Calculate r(b).
3
Let n(i) = -53*i + 101. Let k be n(2). Let d(p) = 2*p**3 + 3*p**2 - 13*p + 4. Let m(c) = -c**3 - c**2 + 7*c - 2. Let h(g) = -3*d(g) - 5*m(g). What is h(k)?
3
Let i(c) = c**3 + 7*c**2 + 6*c - 5. Suppose 0*w - 16 = 4*w. Let p(n) = -n**2 - 6*n - 3. Let k be p(w). Suppose -4*g = k*m + 46, 2*m = 4*g - g. Give i(m).
-5
Let i(s) be the second derivative of -5*s**3/6 - 5*s**2/2 + 38*s. Calculate i(-2).
5
Let m(a) = 4*a + 20. Let t be m(-5). Let z be (-1)/3*-3 - -2. Let y(o) = -3*o**2 + 0*o**2 + 2 - o + 3*o**2 - o**z. Determine y(t).
2
Suppose -2 = -2*h - c + 1, 0 = -5*h + 4*c - 25. Let k(p) = 8*p + 9. Give k(h).
1
Let l be -3 - 10/(-15)*-3 - -3. Let h(a) = -3*a**2 - 2*a**3 - 2*a**3 + 3 + 3*a - a + 3*a**3. What is h(l)?
-5
Let a(b) be the first derivative of b**2 + b - 67. Calculate a(-2).
-3
Let x be (-4)/(-6) - 56/(-6). Let h be x/(-6)*(-90)/25. Let u(l) = l**3 - 6*l**2 - 3*l + 6. Determine u(h).
-12
Suppose -q - 2 + 10 = 5*v, -2*q - 32 = -2*v. Let z be q*(0 + 1)*(-1)/2. Let b(c) = -c**2 + 6*c - 6. Give b(z).
-6
Suppose -f + t - 36 = 0, -3*f = 2*f + 3*t + 188. Let w = f - -43. Let s(c) = -c**3 - 4 - 7*c**2 - 7*c + 7*c**2 + 5 + 7*c**2. Calculate s(w).
-5
Let k(l) = -8*l**3 + 26*l**2 - 2*l - 11. Let o(d) = -3*d**3 + 13*d**2 - d - 6. Let m(q) = -2*k(q) + 5*o(q). Calculate m(-13).
5
Let s be (-6)/((-4)/(-16)*-3). Let y(d) = -4*d**3 + 36*d**2 - 32*d - 6. Let n(c) = c**3 - 9*c**2 + 8*c + 2. Let u(x) = -9*n(x) - 2*y(x). What is u(s)?
-6
Suppose -2*p + 2 = -2. Let u(n) = -8*n**2 - 2 - n**3 + n + 6*n**p - n. Let a(r) = -r**3 - 5*r**2 + 6*r - 2. Let g be a(-6). What is u(g)?
-2
Let o(q) be the third derivative of 1/2*q**3 + 1/120*q**6 - 1/8*q**4 + 6*q**2 + 0 + 0*q + 0*q**5. Let a be 4/(-7) - 17/7. What is o(a)?
-15
Suppose 0 = -d + 5*d - 364. Let l be (-4)/(-26) - (-168)/d. Suppose -3*m - l = -m. Let s(w) = 4*w + 1. What is s(m)?
-3
Let x = 22 + -6. Suppose 3*i = 7*i + x. Let l(q) = q**2 + 5*q - 1. Determine l(i).
-5
Let t(w) = -w**2 - 8*w - 4. Let r be (5/(120/36))/(1/(-6)). Determine t(r).
-13
Let n be 4 - 8 - -9 - -2. Let s(h) = 3*h - n + 0*h**2 + 306*h**3 - 307*h**3 - 4*h**2. Determine s(-5).
3
Let o(h) be the first derivative of 15*h - 1/2*h**2 - 7. Let g be o(11). Let y(l) = l**3 - 3*l**2 - 4*l - 4. What is y(g)?
-4
Let z be (-432)/(-44) + 3 + (-124)/44. Let f(t) = -t**3 + 12*t**2 - 22*t + 5. What is f(z)?
-15
Let y(p) be the third derivative of -p**6/120 - p**5/12 + p**3/3 + 54*p**2. Calculate y(-2).
-10
Let l(s) = -s**2 + 2*s + 5. Let f(a) = -4*a + 3. Let u(i) = -17*i + 13. Let c(q) = -18*f(q) + 4*u(q). Let j be c(1). Let o be -2*(1 - 2)*j. Determine l(o).
-3
Let n be (-16)/(-56) + 340/(-14). Suppose -28 = 4*p + 5*g, 7*p - 2*p - 3*g = -35. Let j be (-48)/n*p/2. Let q(a) = -a**3 - 6*a**2 + 10*a + 7. Determine q(j).
-14
Suppose 5*z + 26 = -r + 2*r, -3 = 2*r + z. Let t = 7 - r. Let b(a) = a**3 - 5*a**2 - 6*a + 7. Give b(t).
7
Let o be -6*4/(-6) - 11. Let c be 6/2 + 10 + o. Let z(q) = -q + 4*q + 4 - 13. Determine z(c).
9
Let b(c) be the first derivative of c**3/3 - 3*c**2/2 - 7*c - 41. Let a = 40 - 35. Give b(a).
3
Let k(v) = 6*v**2 - 9*v + 57. Let h(u) = -u**2 - u - 4. Let b(r) = -5*h(r) - k(r). Calculate b(6).
11
Let u(b) = -9*b + 10. Let t be u(1). Let d(h) = -2*h - 2. Let v be d(-2). Let s(q) = 5*q - 3*q - 3*q + 8*q**v. Calculate s(t).
7
Let j(h) be the second derivative of -h**5/20 - 7*h**4/12 + h**3/6 + 2*h**2 + 11*h - 13. Give j(-7).
-3
Let m(c) be the first derivative of -c**4/4 - 10*c**3/3 + 11*c**2/2 + 3*c + 10. Let o be m(-11). Let r(y) = -y + 1. Calculate r(o).
-2
Let x be ((-2)/(-3))/(6*8/576). Let n(d) = -d**3 + 7*d**2 + 6*d + 10. What is n(x)?
-6
Let p(n) be the first deri